{"id":18337,"date":"2023-02-08T07:00:00","date_gmt":"2023-02-08T06:00:00","guid":{"rendered":"https:\/\/www.westerlyclub.nl\/WORDPRESS\/?page_id=18337"},"modified":"2026-04-18T16:11:26","modified_gmt":"2026-04-18T15:11:26","slug":"techniekdag","status":"publish","type":"page","link":"https:\/\/www.westerlyclub.nl\/WORDPRESS\/techniekdag\/","title":{"rendered":"Techniekdag"},"content":{"rendered":"\n<p class=\"has-very-dark-gray-color has-vivid-green-cyan-background-color has-text-color has-background\"><strong>Techniekdag<\/strong><\/p>\n\n\n<div class=\"wp-block-image\">\n<figure class=\"alignright size-full is-resized\"><img decoding=\"async\" loading=\"lazy\" src=\"https:\/\/www.westerlyclub.nl\/WORDPRESS\/wp-content\/uploads\/2023\/02\/Techniekdag.jpg\" alt=\"\" class=\"wp-image-18393\" width=\"248\" height=\"52\" srcset=\"https:\/\/www.westerlyclub.nl\/WORDPRESS\/wp-content\/uploads\/2023\/02\/Techniekdag.jpg 411w, https:\/\/www.westerlyclub.nl\/WORDPRESS\/wp-content\/uploads\/2023\/02\/Techniekdag-300x63.jpg 300w\" sizes=\"(max-width: 248px) 100vw, 248px\" \/><\/figure><\/div>\n\n\n<p><em>De Techniekdag is een verenigingsdag van 10.00 tot 18.00 uur met <strong>workshops<\/strong> van 45 minuten. Ze hebben allemaal iets (zeil)technisch in zich. Je kunt zelf kiezen waar je bij wil zijn. Het dagprogramma wordt zo gemaakt dat zo veel mogelijk deelnemers hun keuzes krijgen. <\/em><\/p>\n\n\n\n<p><em>In de pauzes en tijdens de lunch heb je veel tijd met iedereen bij te praten. Verder is er van alles te doen op het <strong>Marktplein<\/strong> en in het <strong>Nomadenbivak<\/strong>. We sluiten af met een informele borrel en prijsuitreiking van het lekker-buffet. Lunch en drankjes worden verzorgd en je kunt blijven dineren.<\/em><\/p>\n\n\n\n<p class=\"has-text-align-right\"><mark style=\"background-color:rgba(0, 0, 0, 0)\" class=\"has-inline-color has-luminous-vivid-amber-color\"><strong><em>Een hele leuke dag met veel techniek en Westerlyzeilers. Daar wil je bij zijn!<\/em><\/strong><\/mark><\/p>\n\n\n\n<p><a href=\"#informatie\">\u25baInformatie<\/a><\/p>\n\n\n\n<p><a href=\"#ondersteuning\">\u25baOndersteuning<\/a><\/p>\n\n\n\n<p><a href=\"#TDC\">\u25baTechniekdagcommissie (TDC)<\/a><\/p>\n\n\n\n<p><a href=\"#diner\">\u25baDiner<\/a><\/p>\n\n\n\n<p><a href=\"#inschrijving\">\u25baInschrijving deelnemers<\/a><\/p>\n\n\n\n<p><a href=\"#jouwprog\">\u25baJouw persoonlijke programma<\/a><\/p>\n\n\n\n<p><a href=\"#aanmelden\">\u25baAanmelden experts<\/a><\/p>\n\n\n\n<hr class=\"wp-block-separator has-text-color has-vivid-green-cyan-color has-alpha-channel-opacity has-vivid-green-cyan-background-color has-background\"\/>\n\n\n\n<p class=\"has-black-color has-vivid-green-cyan-background-color has-text-color has-background\" id=\"informatie\"><strong>Informatie<\/strong><\/p>\n\n\n\n<figure id=\"Techniekdag\" class=\"wp-block-table\"><table><thead><tr><th><strong><mark style=\"background-color:rgba(0, 0, 0, 0)\" class=\"has-inline-color has-vivid-green-cyan-color\">Evenement<\/mark><\/strong><\/th><th><strong><mark style=\"background-color:rgba(0, 0, 0, 0)\" class=\"has-inline-color has-vivid-green-cyan-color\">Techniekdag<\/mark><\/strong><\/th><\/tr><\/thead><tbody><tr><td><strong>Datum &amp; tijd<\/strong><\/td><td><strong><mark style=\"background-color:rgba(0, 0, 0, 0)\" class=\"has-inline-color has-vivid-red-color\">Zaterdag 14 november 2026, 10.00 &#8211; 18.00 uur<\/mark><\/strong><\/td><\/tr><tr><td><strong>Locatie<\/strong><\/td><td>Hilversum, Lieven de keylaan 58, Hilvertsheem<\/td><\/tr><tr><td><strong>Toegankelijk<\/strong><\/td><td>Leden, partners, bemanningsleden, donateurs<\/td><\/tr><tr><td><strong>Type evenement<\/strong><\/td><td>Familie evenement (geen ervaring vereist)<\/td><\/tr><tr><td><strong>Programma<\/strong><\/td><td>Het hoofdprogramma bevat <strong>vijf<\/strong> ronden met workshops van <strong>45 minuten<\/strong>. Maar ook lunch, borrel en diner zijn georganiseerd. De organisatie dragen we allemaal iets aan bij. Helemaal d\u00f3\u00f3r leden en v\u00f3\u00f3r leden.<br><a href=\"https:\/\/www.westerlyclub.nl\/WORDPRESS\/techniekdag-programma\/\">\u25ba Bekijk hier het Dagprogramma<\/a><\/td><\/tr><tr><td><strong>Workshops<\/strong><\/td><td>Deze <strong>vijf<\/strong> ronden gaan ingevuld worden met het aanbod van <strong>workshops<\/strong>. De totale gezamenlijke keuzes van de deelnemers bepalen die invulling. Zo zorgen we dat zoveel mogelijk deelnemers bij zoveel mogelijk workshops aanwezig kunnen zijn.<br><a href=\"https:\/\/www.westerlyclub.nl\/WORDPRESS\/techniekdag-activiteiten\/#Workshops\">\u25ba Bekijk hier de Workshops<\/a><\/td><\/tr><tr><td><strong>Experts gezocht<\/strong><\/td><td>De Techniekdagcommissie (TDC) zoekt experts in en buiten de vereniging om workshops te geven.<br><a href=\"#experts\">\u25ba Aanmelden Experts<\/a><\/td><\/tr><tr><td><strong>Lekkerbuffet<\/strong><\/td><td><mark style=\"background-color:rgba(0, 0, 0, 0)\" class=\"has-inline-color has-vivid-red-color\">Zelf doen:<\/mark> Breng namens je schip (zelfgemaakte) taart, cake of koekjes voor mee voor op het <strong><em>lekker-buffet<\/em><\/strong>.<br>Deel dat vooraf in <em>kleine stukjes<\/em> zodat tijdens de inloop en de pauzes alle aanwezigen kunnen genieten van al het lekkers. Maak een kaartje met hoe het heet en namens welk schip het gemaakt is. <\/td><\/tr><tr><td><strong>Lekkerbuffet wedstrijd<\/strong><\/td><td>Een (on)partijdige jury (TDC) beoordeelt al het lekkers. De uitslag wordt aan het eind van de dag tijdens de informele borrel bekend gemaakt. Houd het recept beschikbaar voor als je wint. De redactie plaatst het in de Scheepsberichten. <br>Schippers klaar? Bakken maar!<\/td><\/tr><tr><td><strong>Marktplein<\/strong><\/td><td>In de aula is het <em><strong>Marktplein<\/strong><\/em> ingericht met doorlopende marktkraampjes. Je kunt de hele dag sneupen tussen de aangeboden spulletjes. Neem wat losse euro&#8217;s of je bankapp mee. <em>Tip: Je kunt de opbrengsten ook doneren aan de WCN of de ZZB.<\/em><br><mark style=\"background-color:rgba(0, 0, 0, 0)\" class=\"has-inline-color has-vivid-red-color\">Zelf doen:<\/mark> Je mag je overbodige zeilspullen of boeken te koop aanbieden.<br><mark style=\"background-color:rgba(0, 0, 0, 0)\" class=\"has-inline-color has-vivid-red-color\">Zelf doen:<\/mark> Aan het eind van de dag moeten alle spullen door de eigenaar meegenomen worden. Dank je wel! <br><a href=\"https:\/\/www.westerlyclub.nl\/WORDPRESS\/techniekdag-activiteiten\/#Marktplein\">\u25ba Bekijk hier de activiteiten op het Marktplein<\/a><\/td><\/tr><tr><td><strong>Nomadenbivak<\/strong><\/td><td>Voor de Nomaden (onze jeugd omdat ze van hot naar her gesleept worden en de Nomad een kleine Westerly is) zijn er diverse activiteiten in het Nomadenbivak (voorste deel van de aula). Het is een vrijwel doorlopend programma. Je hoeft geen keuze te maken als je je inschrijft. <br><a rel=\"noreferrer noopener\" href=\"https:\/\/www.westerlyclub.nl\/WORDPRESS\/techniekdag-activiteiten\/#Nomadenbivak\" target=\"_blank\">\u25ba Bekijk hier de activiteiten in het Nomadenbivak<\/a><\/td><\/tr><tr><td><strong>Nomaden-<\/strong><br><strong>experts gezocht<\/strong><\/td><td>De Techniekdagcommissie (TDC) zoekt leden die een activiteit voor het Nomadenbivak wil organiseren.<br><a href=\"#experts\">\u25ba Aanmelden Nomadenexperts<\/a><\/td><\/tr><tr><td><strong>Borrel<\/strong><\/td><td>We sluiten de dag af met een informele borrel waar we kunnen napraten en evalueren. De drankjes worden aangeboden door de WCN.<\/td><\/tr><tr><td><strong>Gratis en voor niks<\/strong><\/td><td>Koffie, thee, water en alle activiteiten worden aangeboden door de WCN.<\/td><\/tr><\/tbody><\/table><\/figure>\n\n\n\n<figure id=\"ondersteuning\" class=\"wp-block-table\"><table><thead><tr><th><mark style=\"background-color:rgba(0, 0, 0, 0)\" class=\"has-inline-color has-vivid-green-cyan-color\">Teams<\/mark><\/th><th><strong><mark style=\"background-color:rgba(0, 0, 0, 0)\" class=\"has-inline-color has-vivid-green-cyan-color\">Ondersteuning organisatie<\/mark><\/strong><\/th><\/tr><\/thead><tbody><tr><td><strong>Ondersteuning<\/strong><\/td><td><mark style=\"background-color:rgba(0, 0, 0, 0)\" class=\"has-inline-color has-vivid-red-color\">Zelf doen:<\/mark> Onder het motto &#8220;Vele handen, maken licht werk&#8221; vragen we alle deelnemers een bijdrage in de organisatie van de dag te doen.  Natuurlijk mag je ook in meerdere teams helpen als jij van vele markten thuis bent.<br><a href=\"https:\/\/www.westerlyclub.nl\/WORDPRESS\/techniekdag-activiteiten\/#Teams\"><strong>\u25ba<\/strong> Bekijk hier de (activiteiten van) teams ter ondersteuning van de organisatie<\/a><\/td><\/tr><tr><td><strong>Appgroep<\/strong><\/td><td>Er is een appgroep voor elk team, zodat vooraf al gecommuniceerd kan worden en iedereen weet wat er van de teams verlangd wordt.<\/td><\/tr><\/tbody><\/table><\/figure>\n\n\n\n<figure id=\"TDC\" class=\"wp-block-table\"><table><thead><tr><th><strong><mark style=\"background-color:rgba(0, 0, 0, 0)\" class=\"has-inline-color has-vivid-green-cyan-color\">TDC<\/mark><\/strong><\/th><th><strong><mark style=\"background-color:rgba(0, 0, 0, 0)\" class=\"has-inline-color has-vivid-green-cyan-color\">Techniekdagcommissie<\/mark><\/strong><\/th><\/tr><\/thead><tbody><tr><td><strong>TDC<\/strong><\/td><td>De TDC bestaat uit: Janet vD (nieuwsdienst), Brendan  (organisatie), Fred (programma), Roelant  (catering), Joris (locatie).<br>Contact: voorzitter@westerlyclub.nl of 06-30752109 (appen of bellen)<\/td><\/tr><tr><td><strong>TDC versterken<\/strong><\/td><td>Wil je de TDC komen versterken? Heel fijn! We kunnen je hulp goed gebruiken.<br><a rel=\"noreferrer noopener\" href=\"https:\/\/www.westerlyclub.nl\/WORDPRESS\/contact-voorzitter\/\" target=\"_blank\">\u25ba Techniekdagcommissie versterken<\/a><\/td><\/tr><\/tbody><\/table><\/figure>\n\n\n\n<hr class=\"wp-block-separator has-text-color has-vivid-green-cyan-color has-alpha-channel-opacity has-vivid-green-cyan-background-color has-background\"\/>\n\n\n\n<p class=\"has-black-color has-vivid-green-cyan-background-color has-text-color has-background\" id=\"diner\"><strong>Techniekdag diner<\/strong><\/p>\n\n\n\n<p id=\"diner\"><em>Net als de ALV-verenigingsdag in maart willen we deze dag ook afsluiten met de mogelijkheid om te dineren. Je kunt bij inschrijving laten weten of je wil blijven dineren<\/em>.<\/p>\n\n\n\n<figure class=\"wp-block-table\"><table><thead><tr><th><mark style=\"background-color:rgba(0, 0, 0, 0)\" class=\"has-inline-color has-vivid-green-cyan-color\">Evenement<\/mark><\/th><th><mark style=\"background-color:rgba(0, 0, 0, 0)\" class=\"has-inline-color has-vivid-green-cyan-color\">Diner<\/mark><\/th><\/tr><\/thead><tbody><tr><td><strong>Datum &amp; tijd<\/strong><\/td><td><strong><mark style=\"background-color:rgba(0, 0, 0, 0)\" class=\"has-inline-color has-vivid-red-color\">Zaterdag 14 november 2026, 18.30 &#8211; 19.30 uur<\/mark><\/strong><\/td><\/tr><tr><td><strong>Diner<\/strong><\/td><td>We laten een cateraar op hetzelfde adres een eenvoudig doch voedzaam diner brengen.<\/td><\/tr><tr><td><strong>Afronding<\/strong><\/td><td>19.30 samen opruimen. 20.00 gebouw leeg<\/td><\/tr><\/tbody><\/table><\/figure>\n\n\n\n<hr class=\"wp-block-separator has-alpha-channel-opacity has-text-color has-background has-vivid-green-cyan-background-color has-vivid-green-cyan-color\" id=\"diner\"\/>\n\n\n\n<p class=\"has-black-color has-vivid-green-cyan-background-color has-text-color has-background\" id=\"inschrijving\"><strong>Inschrijving deelnemers<\/strong><\/p>\n\n\n\n<p><em>Bepaal je keuzes voordat je het inschrijfformulier invult. Voor iedere volwassene moet het formulier opnieuw ingevuld worden. Kinderen (18-) kunnen door 1 van de ouders aangemeld worden.<\/em><\/p>\n\n\n\n<figure class=\"wp-block-table\"><table><thead><tr><th><mark style=\"background-color:rgba(0, 0, 0, 0)\" class=\"has-inline-color has-vivid-green-cyan-color\">Techniekdag<\/mark><\/th><th><strong><mark style=\"background-color:rgba(0, 0, 0, 0)\" class=\"has-inline-color has-vivid-green-cyan-color\">Inschrijven<\/mark><\/strong><\/th><\/tr><\/thead><tbody><tr><td><strong>Aanbod workshops<\/strong><\/td><td>Kies de <strong>zes leukste<\/strong> workshops. Vul het inschrijfformulier in voor iedere deelnemer.<br><a href=\"https:\/\/www.westerlyclub.nl\/WORDPRESS\/techniekdag-activiteiten\/#Workshops\">\u25ba Workshops &amp; lezingen<\/a><\/td><\/tr><tr><td><strong>Bijdrage organisatie<\/strong><\/td><td>Kies 1 of meer ondersteunende teams waarin je de Techniekdagcommissie (TDC) helpt in de organisatie van de Techniekdag. <br>Kan jij alles of weet je het niet? Je kunt jezelf ook als <em><strong>joker<\/strong><\/em> inzetten. Dan kijkt de TDC waar we je hulp het meest kunnen gebruiken.<br><a href=\"https:\/\/www.westerlyclub.nl\/WORDPRESS\/techniekdag-activiteiten\/#Teams\">\u25ba Bijdrage organisatie<\/a><\/td><\/tr><tr><td><strong>Bijdrage lunch<\/strong><\/td><td>De bijdrage voor de lunch is \u20ac 8,- per volwassene (17+) en \u20ac 4,- per kind (18-)<\/td><\/tr><tr><td><strong>Bijdrage diner<\/strong><\/td><td>De bijdrage voor het diner is \u20ac 18,- per volwassene (17+) en \u20ac 9,- per kind (18-)<\/td><\/tr><tr><td><strong>Inschrijven<\/strong><\/td><td>Je kunt je inschrijven <strong><mark style=\"background-color:rgba(0, 0, 0, 0)\" class=\"has-inline-color has-vivid-red-color\">tussen zaterdag 17 oktober, 10.00 uur en zondag 1 november, 23.59 uur<\/mark><\/strong> door het inschrijfformulier in te vullen. Voor iedere volwassen deelnemer moet het formulier opnieuw ingevuld worden. Je wordt gevraagd naar:<br><mark style=\"background-color:rgba(0, 0, 0, 0)\" class=\"has-inline-color has-luminous-vivid-amber-color\">&#8211; je naam<br>&#8211; de naam van je schip (of &#8216;donateur&#8217;)<br>&#8211; de zes workshops die jij het liefst zou willen volgen<br>&#8211; jouw bijdrage aan de organisatie van de techniekdag<\/mark><\/td><\/tr><tr><td><strong>Inschrijfformulier <\/strong><\/td><td><strong>\u25ba Inschrijfformulier <\/strong>(per persoon aanmelden)<\/td><\/tr><tr><td><strong>Bijdrage per schip<\/strong><\/td><td>Je wordt verzocht de totale bijdrage voor je schip voor bestelling van lunch en\/of diner meteen bij inschrijving (maar uiterlijk <strong><em><mark style=\"background-color:rgba(0, 0, 0, 0)\" class=\"has-inline-color has-vivid-red-color\">1 november 2026<\/mark><\/em><\/strong>) over te maken op: IBAN rekeningnr. NL66ABNA 0493 9393 77 t.n.v. Westerly Club Nederland<br>onder vermelding van <em><mark style=\"background-color:rgba(0, 0, 0, 0)\" class=\"has-inline-color has-luminous-vivid-amber-color\">TD scheepsnaam, aantal lunch &amp; diner, aantal volwassenen &amp; kinderen<\/mark><\/em>. Dank je wel.<\/td><\/tr><tr><td><em><strong>Let op!<\/strong><\/em><\/td><td><em>Inschrijvingen of afmeldingen die na 1 november binnenkomen, kunnen we niet meer in ontvangst nemen i.v.m. bestellen van de catering en de begroting voor andere kosten. Dank voor je begrip.<\/em><\/td><\/tr><tr><td><strong>Checklist deelnemers<\/strong><\/td><td><mark style=\"background-color:rgba(0, 0, 0, 0)\" class=\"has-inline-color has-vivid-red-color\">Zelf doen: <\/mark>Op de Techniekdag is veel te beleven en te doen. Voor een groot deel dankzij materialen die je zelf meeneemt.<br>Dit checklijstje zorgt dat je niets vergeet mee te nemen. De voorpret is half het plezier.<br><a href=\"https:\/\/www.westerlyclub.nl\/WORDPRESS\/techniekdag-checklist\/\">\u25ba Checklist deelnemers<\/a><\/td><\/tr><\/tbody><\/table><\/figure>\n\n\n\n<hr class=\"wp-block-separator has-text-color has-vivid-green-cyan-color has-alpha-channel-opacity has-vivid-green-cyan-background-color has-background\"\/>\n\n\n\n<p class=\"has-black-color has-vivid-green-cyan-background-color has-text-color has-background\" id=\"jouwprog\"><strong>Jouw persoonlijke programma<\/strong><\/p>\n\n\n\n<p><em>Direct na sluiting van inschrijving wordt een overzicht gemaakt van alle keuzes, workshops, lokalen &amp; ondersteunende teams. De invulling van het programma wordt bepaald door de keuzes van iedereen en het streven zoveel mogelijk deelnemers bij hun keuze van workshops te laten zijn.<\/em><\/p>\n\n\n\n<figure class=\"wp-block-table\"><table><tbody><tr><td><strong>\u25ba Jouw persoonlijke dagprogramma<\/strong><\/td><\/tr><\/tbody><\/table><\/figure>\n\n\n\n<hr class=\"wp-block-separator has-text-color has-vivid-green-cyan-color has-alpha-channel-opacity has-vivid-green-cyan-background-color has-background\"\/>\n\n\n\n<p class=\"has-black-color has-vivid-green-cyan-background-color has-text-color has-background\" id=\"aanmelden\"><strong>Aanmelden experts<\/strong><\/p>\n\n\n\n<p><em>Voor de Techniekdag hebben we een groot aantal verschillende <strong>workshops of lezingen<\/strong> nodig (20?) Daarvoor zoeken we experts en ervaringsdeskundigen.<\/em><\/p>\n\n\n\n<figure class=\"wp-block-table\"><table><thead><tr><th><mark style=\"background-color:rgba(0, 0, 0, 0)\" class=\"has-inline-color has-vivid-green-cyan-color\">Techniekdag<\/mark><\/th><th><mark style=\"background-color:rgba(0, 0, 0, 0)\" class=\"has-inline-color has-vivid-green-cyan-color\">Experts gezocht<\/mark><\/th><\/tr><\/thead><tbody><tr><td><strong>Datum &amp; tijd<\/strong><\/td><td>Aanmelden om een workshop van 45 minuten te verzorgen kan tot <strong><mark style=\"background-color:rgba(0, 0, 0, 0)\" class=\"has-inline-color has-vivid-red-color\">zondag 1 oktober 2026<\/mark><\/strong>. Na deze datum moet de TDC verder met de organisatie (aanmelding).<\/td><\/tr><tr><td><strong>Experts<\/strong><\/td><td>Heb jij kennis van een onderwerp dat voor leden interessant kan zijn? Heb jij ervaring met een onderwerp dat met varen te maken heeft? En wil je daar wel over vertellen? Dat zoeken we!<\/td><\/tr><tr><td><strong>Invulling<\/strong><\/td><td>De ervaring leert dat je ongeveer 30 minuten voor overdracht van informatie kunt gebruiken en de resterende tijd voor vragen van leden. Een presentatie en tastbare materialen ondersteunen je verhaal.<br><a href=\"https:\/\/www.westerlyclub.nl\/WORDPRESS\/techniekdag-workshopgeven\/#Workshopgeven\">\u25ba Tips voor Experts<\/a><\/td><\/tr><tr><td><strong>Tip de TDC<\/strong><\/td><td>Weet jij iemand die volgens jouw een workshop zou moeten geven? Laat het betreffende persoon weten. Tip de TDC wat deze persoon kan en waarom je dat op de Techniekdag wil. <\/td><\/tr><tr><td><strong>Allround-expert<\/strong><\/td><td>Wil jij wel iets doen, maar ben je van meerdere markten thuis? Weet je niet je w\u00e0t je zou willen doen of wat we nog missen in het programma? <br><a href=\"https:\/\/www.westerlyclub.nl\/WORDPRESS\/techniekdag-workshopgeven\/\">\u25ba Inspiratiegids<\/a><\/td><\/tr><tr><td><strong>Aanmelden<\/strong><\/td><td>App Fred of<a rel=\"noreferrer noopener\" href=\"https:\/\/www.westerlyclub.nl\/WORDPRESS\/contact-voorzitter\/\" target=\"_blank\"> \u25ba Klik hier voor contact<\/a><\/td><\/tr><\/tbody><\/table><\/figure>\n\n\n<div class=\"wp-block-image\">\n<figure class=\"alignright size-full is-resized\"><img decoding=\"async\" loading=\"lazy\" src=\"https:\/\/www.westerlyclub.nl\/WORDPRESS\/wp-content\/uploads\/2023\/01\/AppFred.jpg\" alt=\"\" class=\"wp-image-16993\" width=\"117\" height=\"219\" srcset=\"https:\/\/www.westerlyclub.nl\/WORDPRESS\/wp-content\/uploads\/2023\/01\/AppFred.jpg 178w, https:\/\/www.westerlyclub.nl\/WORDPRESS\/wp-content\/uploads\/2023\/01\/AppFred-161x300.jpg 161w\" sizes=\"(max-width: 117px) 100vw, 117px\" \/><\/figure><\/div>\n\n\n<hr class=\"wp-block-separator has-text-color has-vivid-green-cyan-color has-alpha-channel-opacity has-vivid-green-cyan-background-color has-background\"\/>\n\n\n\n<p><em>En we zoeken ook leden die een activiteit voor de jeugd willen organiseren.<\/em><\/p>\n\n\n\n<figure id=\"Nomadexpert\" class=\"wp-block-table\"><table><thead><tr><th><mark style=\"background-color:rgba(0, 0, 0, 0)\" class=\"has-inline-color has-vivid-green-cyan-color\">Techniekdag<\/mark><\/th><th><mark style=\"background-color:rgba(0, 0, 0, 0)\" class=\"has-inline-color has-vivid-green-cyan-color\">Nomadenexperts gezocht<\/mark><\/th><\/tr><\/thead><tbody><tr><td><strong>Experts<\/strong><\/td><td>Wil jij een (creatieve) activiteit op het <em>Marktplein <\/em>of in het <em>Nomadenbivak<\/em> organiseren? Laat het ons weten<\/td><\/tr><tr><td><strong>Aanmelden<\/strong><\/td><td>App Fred of<a rel=\"noreferrer noopener\" href=\"https:\/\/www.westerlyclub.nl\/WORDPRESS\/contact-voorzitter\/\" target=\"_blank\"> \u25ba Klik hier voor contact<\/a><\/td><\/tr><\/tbody><\/table><\/figure>\n\n\n\n<hr class=\"wp-block-separator has-text-color has-vivid-green-cyan-color has-alpha-channel-opacity has-vivid-green-cyan-background-color has-background\"\/>\n\n\n\n<figure class=\"wp-block-table\"><table><tbody><tr><td><a href=\"https:\/\/www.westerlyclub.nl\/WORDPRESS\/evenementen\">\u25c4 Jaaroverzicht evenementen<\/a> <\/td><\/tr><tr><td><a href=\"https:\/\/www.westerlyclub.nl\/WORDPRESS\/over-wcn\/#leden\">\u25c4 Over WCN<\/a><\/td><\/tr><\/tbody><\/table><\/figure>\n","protected":false},"excerpt":{"rendered":"<p>Techniekdag De Techniekdag is een verenigingsdag van 10.00 tot 18.00 uur met workshops van 45 minuten. Ze hebben allemaal iets (zeil)technisch in zich. Je kunt zelf kiezen waar je bij wil zijn. Het dagprogramma wordt zo gemaakt dat zo veel<\/p>\n","protected":false},"author":25,"featured_media":0,"parent":0,"menu_order":0,"comment_status":"closed","ping_status":"closed","template":"","meta":[],"_links":{"self":[{"href":"https:\/\/www.westerlyclub.nl\/WORDPRESS\/wp-json\/wp\/v2\/pages\/18337"}],"collection":[{"href":"https:\/\/www.westerlyclub.nl\/WORDPRESS\/wp-json\/wp\/v2\/pages"}],"about":[{"href":"https:\/\/www.westerlyclub.nl\/WORDPRESS\/wp-json\/wp\/v2\/types\/page"}],"author":[{"embeddable":true,"href":"https:\/\/www.westerlyclub.nl\/WORDPRESS\/wp-json\/wp\/v2\/users\/25"}],"replies":[{"embeddable":true,"href":"https:\/\/www.westerlyclub.nl\/WORDPRESS\/wp-json\/wp\/v2\/comments?post=18337"}],"version-history":[{"count":372,"href":"https:\/\/www.westerlyclub.nl\/WORDPRESS\/wp-json\/wp\/v2\/pages\/18337\/revisions"}],"predecessor-version":[{"id":40124,"href":"https:\/\/www.westerlyclub.nl\/WORDPRESS\/wp-json\/wp\/v2\/pages\/18337\/revisions\/40124"}],"wp:attachment":[{"href":"https:\/\/www.westerlyclub.nl\/WORDPRESS\/wp-json\/wp\/v2\/media?parent=18337"}],"curies":[{"name":"wp","href":"https:\/\/api.w.org\/{rel}","templated":true}]}}